2). Let u(s) = 269*s**2 + 345*s**2 + s**3 + 0*s + 5*s - 609*s**2. Calculate u(k).
3
Suppose -2 = 2*f - 3*f. Let o(p) = 4093 + 56*p - 60*p + p**3 - 4088. Calculate o(f).
5
Let m(x) = 11*x**2 - x + 1. Suppose 3 = 28*y - 25*y. Suppose -6*w + 5 + y = 0. What is m(w)?
11
Let b(s) = -4*s**3 - s + 1. Let c(p) = -23*p**3 - 5*p + 7. Let v(t) = 2*t**2 + 12*t + 15. Let z be v(-4). Let u(a) = z*c(a) + 6*b(a). Determine u(2).
-11
Suppose 3*z + 16 = -3*g + 7*g, g - 4 = 0. Let r(c) = 1 + c - 5 + z*c. Suppose -19*j + 8*j - 70 = -j. Calculate r(j).
-11
Let j(a) = -a**2 - 84*a + 3. Suppose 3*p + 12 = -2*u, 2*p = -106*u + 101*u - 8. Determine j(u).
3
Suppose 4*s + 2*n + 0*n = -40, 0 = 4*s + 5*n + 52. Let t(i) = 33*i**2 - 14*i + 10. Let l(p) = 14*p**2 - 7*p + 5. Let c(o) = -7*l(o) + 3*t(o). What is c(s)?
3
Suppose -4*q + 4 = 4*d, -d + q + 4 = -q. Let w(z) = 4*z**3 - d - 3*z**2 - 1 - 4*z - z**2 + 9*z**3 - 15*z**3. Calculate w(-2).
5
Let a be (-5)/2*(-42 + 46). Let n be ((-288)/30 - -6)/(4/a). Let b(i) = i - 1. Give b(n).
8
Let c be ((-6)/10)/((-180)/25 - -7). Suppose l = c*i - 3 - 4, 4*l + 20 = 4*i. Let u(v) be the first derivative of -11*v**3/3 + v**2/2 - 3. Calculate u(i).
-10
Let n = 318 + -318. Let d(j) = 5*j - j + n + 6*j**2 - 9 + j**3 + 2. What is d(-3)?
8
Suppose -32 = 11*i + 23. Let n(w) = -2*w - 3. Let u(g) = -1 - 4*g - 2 + 2*g. Let s(b) = -6*n(b) + 7*u(b). Calculate s(i).
7
Suppose -n - 3*n = -3*a + 23, -4*a = 2*n - 16. Let k(f) = 2*f - 7. Let v(i) = i - 3. Let s(p) = -k(p) + v(p). Determine s(n).
6
Let x(p) = -p**3 - 15*p**2 - 26*p + 8. Let z be 4*(697/(-68) - -7). Calculate x(z).
8
Let d = 0 + 1. Let u(l) = -15*l**2 + 3. Let c(j) = -33*j**2 + 3. Let i(a) = 35*a**2 - 1. Let n(h) = -3*c(h) - 2*i(h). Let y(r) = -2*n(r) - 5*u(r). Give y(d).
16
Let a(z) = z + 4*z - 6*z - 34 + z - 4*z. Calculate a(-9).
2
Let g(u) = 25*u**3 - 7*u**2 + 2*u + 60. Let m(d) = -d**2 + d + 15. Let r(p) = g(p) - 4*m(p). Calculate r(-1).
-26
Suppose 0 = -2*q - 0 + 14. Suppose -q*u + 17 = -4. Suppose w = -4*l - 6, 0*l + 18 = -3*w - u*l. Let c(i) = i**3 + 5*i**2 - 3*i + 3. Calculate c(w).
-15
Let x(w) = 4*w**2 - 4*w - 3. Let n(s) = s**2 - 2. Let q(z) = 5*n(z) - x(z). Let m(j) = -j - 2. Let u be m(6). Let i = u + 2. Determine q(i).
5
Let x(d) be the first derivative of d**7/840 + 7*d**6/360 - d**5/24 + 3*d**4/8 - 85*d**3/3 - d**2 + 198. Let w(c) be the third derivative of x(c). Give w(-8).
-15
Let k(i) = -i**3 + 30*i**2 + 506*i - 88. Let j be k(42). Let s(l) = 6*l + 14. Determine s(j).
-10
Let x(h) = -691*h - 14. Let c(n) = 1497*n + 30. Let t(p) = -6*c(p) - 13*x(p). Suppose 4*g = 2*g + 10. What is t(g)?
7
Let g(x) = -7*x + x - 8*x + 11*x - 7. Let k(r) = -4*r + 10. Let m be k(-9). Let u = 41 - m. Calculate g(u).
8
Suppose 0 = 16*m - 63*m - 94. Let o(c) be the first derivative of 2*c**3/3 - c**2/2 - 2*c - 3. Calculate o(m).
8
Let w(n) be the second derivative of -n**4/12 + 31*n**3/6 - 119*n**2 - 4606*n. Calculate w(18).
-4
Let s(g) = 3*g + 16 + 18 + 43 - 89. Calculate s(8).
12
Suppose -2*w = 0, t = -t + 5*w + 10. Suppose t*q = -j - 3, 3*j - 43 = -2*j + 4*q. Let k(z) = -z - 9. Let r(c) = -c. Let h(a) = k(a) - 2*r(a). Calculate h(j).
-2
Let b(j) = 3*j**3 - 3*j**2 + 365*j. Let l(q) = 2*q**3 - 2*q**2 + 182*q. Let t(s) = -3*b(s) + 5*l(s). Let i(g) be the second derivative of t(g). Calculate i(3).
16
Suppose 0 = -2*j + 68*o - 63*o - 4, 13 = 3*j + 2*o. Let q(l) = -l**2 - 4*l**j - 9*l + 5 - 2*l**2 + 3*l**3 + 2*l**3 + 2*l**2. What is q(3)?
-4
Let l(q) = -3*q - 2. Let r(c) = c**3 + 2*c**2 - 8*c - 2. Let v be r(2). Determine l(v).
4
Let r(w) be the third derivative of -w**5/60 - w**4/2 - 11*w**3/2 + 2897*w**2. Calculate r(-4).
-1
Let x(v) = 0 + 0 + v + 4. Let y = 2145 + -2145. Determine x(y).
4
Let g(h) = h**2 + 12*h + 8. Let n be ((-72)/45)/(3/(-75)). Suppose 0 = -69*c + 73*c + n. What is g(c)?
-12
Let m = -77076 - -77076. Let s(a) be the second derivative of -a**5/20 + a**4/12 + a**3/6 + 8*a**2 + a. What is s(m)?
16
Let z be (0 - 4)/(-12)*9. Suppose -z*y + 3 = -6, -5*y = 4*c - 31. Let q(s) = 0*s**3 - 2 - 5*s + 4*s - c*s**2 + 0*s**3 + s**3. Give q(4).
-6
Let t be (-2)/3 - ((-50)/(-625) + 338/150). Let l(j) be the third derivative of j**6/120 + j**5/15 + j**4/12 - j**3/3 + 5*j**2. What is l(t)?
1
Suppose 2*w + 60 = 4*w. Suppose 32*b - w*b - 18 = 0. Let i(a) = -2*a + 3. Determine i(b).
-15
Let z = -14 + 43. Suppose -1228 = 42*f - 94. Let i = f + z. Let v(q) = -7*q + 3. Give v(i).
-11
Let x be 5/((-20)/(-72)) - 3. Let l = -14 + x. Let k(r) = 12*r + 1. Let n(a) = a. Let t(s) = k(s) - 4*n(s). Give t(l).
9
Let s be ((-36)/(-48))/((-7 - 2)*(-1)/6). Let i(k) be the first derivative of s*k**2 - 19 - 7*k. Give i(4).
-3
Suppose -4*r + 331 = 63. Let l = 72 - r. Let n(z) = -2 + 5 + l*z - 3. Calculate n(1).
5
Let z be (-150)/4*(4 - (-70)/(-15)). Let o(r) = 1 + r + z*r**3 - 5*r**2 - 2*r - 24*r**3. Calculate o(5).
-4
Let h(r) = 12*r**2 + 405*r - 96. Let f be h(-34). Suppose -4*u - 3*m + 17 = 0, -5*u + 2*m - 30 = -10*u. Let s(j) = 7 - u*j + j**2 - j**2 + j**2. Calculate s(f).
-5
Let y(l) = -52*l**2 + 1. Suppose c = 5*m + 10, 17 = -6*c + 2*c + m. Let n be 4 + (c - -7)/(6/(-15)). Give y(n).
-51
Let m(g) = g**3 + 7*g**2 + 6*g + 6. Let h(p) = p**3 - 22*p**2 - 48*p - 1. Let c be h(24). Let o be -1 + c/2 + (-85)/2. Let b = 38 + o. Determine m(b).
6
Suppose 2*o + 1 - 5 = 0. Suppose -2 = -o*q + 4. Suppose q*z - 7 = 5. Let n(p) = -2*p - 1. Give n(z).
-9
Let v(s) = 1921 + s**2 - 954 + 10*s + 14*s - 928. Calculate v(-22).
-5
Suppose -c - 4 = -2*w + 8, -3*w = -4*c - 28. Let x = 41 - 40. Let f(r) = r. Let j(a) = 5*a - 9. Let t(k) = x*j(k) - 4*f(k). What is t(w)?
-5
Let s be -4 + (2*-3 - -3). Let u be s/14 + (21/(-2))/(-3). Suppose 0 = u*r + 25 - 1. Let k(j) = -j**3 - 9*j**2 - 7*j + 5. Give k(r).
-3
Let r(z) = 2*z**3 + 3*z**3 - 9*z**2 + 14 - 12*z - 7*z - 4*z**3 + 18*z. Determine r(9).
5
Let v(z) be the first derivative of z**4/4 + 4*z**3/3 + 24*z + 2673. Calculate v(-5).
-1
Let s(b) = -b**3 - 30*b**2 + b + 13. Let k = 7934 + -7964. Give s(k).
-17
Let a(h) = h**2 + h - 2. Let p be 11/(11/12) - -3. Suppose -2*z - 197 = -5*s + 2*z, -5*z - p = 0. Let r = -42 + s. Give a(r).
18
Suppose 0 = -5*c + 3*t - 2515, 13*c = 16*c - t + 1513. Let o = 500 + c. Let h(m) = -m - 2. Give h(o).
4
Let s(p) be the second derivative of 5*p**2 - 4/3*p**3 + 1/12*p**4 + 47 - 3*p. Suppose a - 3 = -2*x, a - 3*a = -5*x - 24. Give s(a).
3
Let o(h) = 249*h + 115. Let j(s) = -155*s - 77. Let u(q) = 8*j(q) + 5*o(q). What is u(0)?
-41
Let j(l) be the third derivative of 0*l + 11/6*l**3 - 1/12*l**4 - 285*l**2 + 0. Determine j(5).
1
Let f(b) be the second derivative of -b**4/24 + b**3/6 - 83*b**2/2 + 53*b + 1. Let p(s) be the first derivative of f(s). Calculate p(4).
-3
Let t(c) = -c + 5. Let q(s) = -6 + 2*s - 26 + 14*s**2 - 13*s**2 + s. Let k be q(5). What is t(k)?
-3
Let o(l) = 3*l**2 + 21*l - 23. Let y be o(-8). Let a be -4 + (2 - 2) + y. Let w(j) = -j**2 - 3*j + 4. What is w(a)?
4
Let u(o) = -o**2 - 18*o + 102. Let v(d) = -d**2 + 67*d - 495. Let a be v(59). Calculate u(a).
-13
Let u(w) = w**3 + 12*w**2 + 21*w - 1. Suppose 0 = -140*y + 165*y + 275. What is u(y)?
-111
Let f(q) = 11*q - 4*q - 5*q - 3*q. Suppose 5*o + 2*h = -74, -5*o + 2*h - 57 = 9. Let n(g) = -g**3 - 15*g**2 - 13*g + 8. Let a be n(o). Calculate f(a).
6
Let z be (-2 - (4 + 2) - -4)*-5. Let x(r) = 7 - z + r**2 + 12. Determine x(-3).
8
Suppose -2*v - i + 7 = 0, 5*v - i - 18 = 3. Let t(r) = 35 - 2*r + 5*r - v*r - 31. Calculate t(0).
4
Let c(v) = -3*v + 48. Suppose 285 = 43*p - 40*p. Suppose o + 43 = 5*a - 28, -5*a + p = 5*o. Let b be c(a). Let t(h) = h**3 - h**2 - 3*h - 1. Give t(b).
8
Let c(g) = -g**3 - 11*g**2 + 13*g + 17. Let i = -129 - -132. Suppose 0 = i*m + 14 + 22. Determine c(m).
5
Let w(g) be the second derivative of g**5/20 - g**4/2 + g**3 + 4*g**2 + 4281*g. Calculate w(5).
13
Let i(c) = 29*c + 88. Let a(j) = -j**3 - 5*j**2 + 153*j + 625. Let g be a(-4). Determine i(g).
1
Let r(u) be the third derivative of 0 + 13*u**2 + 1/24*u**4 + 0*u**3 + 0*u. Let n = 41 + -47. Determine r(n).
-6
Suppose -117 = -15*u + 48. Let h(t) = 2*t**3 + 6*t**2 - 6*t - 1. Let d(p) = -2*p**3 - 11*p**2 + 11*p + 2. Let y(r) = u*h(r) + 6*d(r). Determine y(-1).
-9
Let x(r) be the third derivative of r**5/20 - r**4/8 +